 of p and m.
12
Let x(n) = -n + 7. Let k be x(-7). Let z = k + -8. Let c be (18/(-5))/(1/(-15)). Calculate the greatest common divisor of z and c.
6
Let r be ((-9)/6*-4)/1. Let u be r/(-3) - (44 + -2). Let k = u - -62. What is the highest common divisor of 12 and k?
6
Let a(w) = 7*w**2 - w - 2. Let b be a(2). Suppose 48 = -x - 3*x. Let p = b + x. Calculate the highest common divisor of p and 60.
12
Let q(c) = 27*c - 1. Let w be q(3). What is the greatest common divisor of w and 32?
16
Let a be 6*(-5)/105 - 1474/(-14). Calculate the greatest common factor of 35 and a.
35
Let a = 1 - 3. Let h = a + 4. What is the greatest common factor of h and 22?
2
Let o be 5157/36 + (-6)/(-8). What is the highest common factor of 18 and o?
18
Let i(d) = 16*d + 8. Let g be 2*(-3 + (-39)/(-6)). Let k be i(g). What is the greatest common factor of k and 12?
12
Let h = 50 + -36. Let v = 7 + h. What is the greatest common divisor of v and 63?
21
Suppose g - d - 11 = 0, -4*g + d = g - 55. Let q = g + -2. Calculate the highest common factor of 45 and q.
9
Let t be (-3 - (-1)/1) + 2. Suppose t = -0*y - y + 11. Let b(x) = 2*x + 13. Let c be b(-6). Calculate the highest common divisor of c and y.
1
Let h = -4 - -6. Let l be (-2)/(-4 + h) + 83. Suppose -3*w = w - l. Calculate the greatest common divisor of w and 14.
7
Let i = -63 - -93. Calculate the greatest common factor of i and 45.
15
Suppose 5*p = b - 6, -5*b - 3*p - p = -30. Let i(a) = a**2 + 8*a - 6. Let n be i(b). Calculate the greatest common divisor of 52 and n.
26
Let v be ((-3)/(-5))/(6/(-30)). Let g be (-239)/v + (-4)/(-12). What is the highest common factor of g and 10?
10
Let q(o) = -6*o - 6. Let a be q(-8). Let k = -5 - -11. Calculate the highest common divisor of a and k.
6
Suppose -u - 2875 = -5*t, 551 = 3*t - 2*t - 5*u. Suppose -r - 3*r + t = 0. Suppose -3*o = -18 - 30. Calculate the greatest common divisor of r and o.
16
Let y be (-1)/(0 + 1/29). Let p = -17 - y. Let j = -31 - -43. Calculate the greatest common factor of p and j.
12
Suppose 225 = -4*i + 5*i. What is the greatest common factor of i and 90?
45
Let f be (-2 + 3)/((-3)/(-195)). Calculate the highest common factor of 13 and f.
13
Let q be -3*(-2 + -1 - -2). Suppose 2*y - 165 = -3*y. What is the highest common divisor of y and q?
3
Suppose 0 = 38*c - 33*c - 45. Calculate the greatest common divisor of 9 and c.
9
Let r be (-3)/((-6)/(-4)) - -38. What is the highest common divisor of r and 54?
18
Suppose 4*u + 45 = 5*m - 39, -2*m = u - 31. What is the greatest common factor of m and 176?
16
Let i = 146 + -86. Let t = i + -24. What is the highest common divisor of 9 and t?
9
Let l = 7 + -11. Let y = 2 - l. What is the highest common divisor of y and 6?
6
Suppose 4*d - 7 - 14 = -m, -4*m = -2*d + 6. Let i = 5 + -4. Let o = i + 0. What is the highest common factor of o and m?
1
Suppose -3*w = -2*k - 6*w + 20, 3*k - 60 = 3*w. What is the greatest common factor of 128 and k?
16
Suppose 7 = 5*v - 2*k, -3*k - 32 = -4*v - 8*k. Let d be ((-39)/9)/((-1)/v). Suppose -3*w = -112 - 239. What is the highest common divisor of d and w?
13
Let i be 276/34 - 0 - (-14)/(-119). What is the greatest common divisor of 8 and i?
8
Let i be 8 + 0 + -1 + 1. Suppose 0 = -3*t + i + 67. Calculate the greatest common factor of 200 and t.
25
Let u = -19 + 34. Let j be (5 + u)*(-9)/(-2). What is the highest common factor of j and 10?
10
Let x(t) = 4*t - 22. Let d be x(7). Calculate the greatest common factor of d and 6.
6
Let u(f) = -7*f. Let r be u(-6). Suppose -13*w - 5 = -278. Calculate the greatest common divisor of r and w.
21
Let c be -1*1 + 2/1. Let v = 23 + -18. What is the greatest common divisor of v and c?
1
Let p = -1 - -3. Suppose p*m - 5*m = -9. Suppose -m*r = 4*f - 316, 2*r - 346 = 5*f - 97. Calculate the greatest common factor of 14 and r.
14
Suppose 5*m + 5*l - 150 = 0, -2*m - 5*l + 121 = 2*m. What is the highest common factor of 319 and m?
29
Let b(t) = -t**3 + 8*t**2 - 8*t + 8. Suppose -4*j + 1 = -3, 2*j - 9 = -f. Let l be b(f). What is the highest common factor of 2 and l?
1
Suppose 16 = 5*m - 19. What is the greatest common divisor of m and 77?
7
Let l be (1 - 0)/(3 - 2). Calculate the greatest common factor of l and 7.
1
Let i(d) = d**2 - 3*d + 5. Let l be i(8). Calculate the greatest common factor of l and 9.
9
Let t(d) = 24*d - 2. Let p be t(1). What is the highest common divisor of 110 and p?
22
Let q be 2/(-3) + 98/3. Let n = -4 + 12. Calculate the greatest common factor of n and q.
8
Let m(f) = f**2 - f + 80. Let z be m(0). Calculate the highest common divisor of 10 and z.
10
Let g(h) = -h**3 + 6*h**2 - h - 1. Let x be g(6). Let i = -6 - x. What is the greatest common divisor of 1 and i?
1
Let k be (-2)/7 - 114/(-7). Suppose 6*w + 8 = 8*w. What is the greatest common divisor of k and w?
4
Suppose 15 = -4*g + 7*g. Suppose -20 = -3*i - g. Let z = -2 + i. Calculate the highest common divisor of 18 and z.
3
Let b(g) = g**3 - 6*g**2 + 5*g + 11. Let o be b(5). Calculate the highest common divisor of o and 77.
11
Suppose -2*c - 2 + 22 = 0. Let m = 0 + c. Calculate the highest common factor of 80 and m.
10
Let m be (45/10)/(1/2). What is the greatest common factor of 27 and m?
9
Let l = -158 + 178. Calculate the greatest common factor of 30 and l.
10
Let p = 0 + 5. Suppose -p*c - m + 3*m = -158, 5*c - 3*m - 157 = 0. Let x be 12*(c/6)/4. What is the greatest common divisor of x and 32?
16
Let m(k) = 3*k**2 + 8*k - 2. Let y be m(-6). Suppose -5*r + y = -3*r. What is the greatest common factor of r and 87?
29
Let l be 0 + 8/(-2)*-17. Let m = 46 - 18. Let g = -11 + m. Calculate the greatest common divisor of l and g.
17
Suppose 0 = -2*g - 2*o - 1 + 3, -5*g + 5*o = -15. Suppose g*p = 5*p - 24. Calculate the highest common divisor of p and 32.
8
Let h(f) be the first derivative of f**2 + 0*f**3 - 3*f + 4 - 1/4*f**4. Let q be h(-3). Calculate the highest common factor of 6 and q.
6
Suppose 3*w - 28 - 89 = 0. Suppose h + h = 26. What is the highest common factor of h and w?
13
Let b = -12 + 6. Let g = b - -3. Let v(a) = -a**2 - 3*a + 2. Let h be v(g). What is the highest common divisor of h and 2?
2
Let x = 214 + -82. Let y be 2*-1 + (-42)/(-3). What is the greatest common divisor of y and x?
12
Suppose -3*l - 3 = -4*v, -l - 2*l - v + 12 = 0. Suppose 62 = l*y - 10. What is the highest common divisor of y and 3?
3
Let j(d) = -d**2 - 6*d + 3. Let r be j(-5). What is the greatest common factor of 16 and r?
8
Suppose 0 = -5*q + 4*a + 96, 2*a = 5*a - 3. Let b = -12 + 14. Calculate the greatest common divisor of q and b.
2
Let r be 18/(9/3) - 2. Let k(b) = b - 1. Let u be k(1). Suppose u = 2*m - 3*m + 16. What is the greatest common divisor of r and m?
4
Suppose 0*a - 210 = -6*a. What is the greatest common divisor of a and 385?
35
Suppose l + 10 = 6*l. Let r(p) = -2*p - 18 + p + 5*p - 2*p. Let o be r(12). Calculate the greatest common factor of l and o.
2
Suppose 3*r - 167 = r + 3*t, 4*r = -2*t + 342. Calculate the greatest common factor of r and 34.
17
Let y(z) be the third derivative of -z**6/120 + z**5/15 + z**4/8 + z**3 + 8*z**2. Let p be y(4). What is the highest common divisor of 162 and p?
18
Let j(x) = 3*x + 3. Let p be j(15). Calculate the greatest common factor of p and 384.
48
Let z(u) = 3*u + 6. Let g be z(3). Calculate the greatest common factor of g and 5.
5
Let l(i) = i**2 + 10*i - 2. Let j be l(-6). Let x = j + 42. Calculate the highest common factor of x and 112.
16
Suppose 2*z - 5*z + 60 = 0. Suppose -5*o + 11 = -4*c - 55, 0 = -c - 4. Calculate the highest common factor of z and o.
10
Let c be 3 - 1*-1*34. Suppose -d + 103 = -c. Let x(h) = -h**3 + 6*h**2 + 4*h - 4. Let t be x(6). What is the greatest common divisor of d and t?
20
Suppose 0 = -5*o + 2*t + 50, -2*t = 2*o + 3*o - 70. Let x be 1 + (-4 - -7) + 8. Calculate the highest common divisor of x and o.
12
Suppose 5*n = 3*f + 84, 0 = -n + f + 2*f + 12. What is the highest common divisor of n and 198?
18
Let t(f) = f**3 - 7*f**2 + f - 2. Let z(g) = -36*g - 2. Let b be z(2). Let i be (-6)/15 + b/(-10). Let h be t(i). What is the highest common factor of 5 and h?
5
Suppose -l + 294 = -0*l + 5*s, -2*l = -4*s - 546. Let i(k) = 2*k**3 - 59*k**2 - 28*k - 29. Let f be i(30). Calculate the highest com